Is 9609827 prime?
True
Is 11280553 a composite number?
True
Is 1870201 a prime number?
False
Is 6169991 a composite number?
True
Is 98890567 prime?
True
Is 58029943 a composite number?
True
Is 125992535 composite?
True
Is 1018669 a composite number?
False
Is 18001811 a prime number?
True
Is 637968005 a prime number?
False
Is 410800763 composite?
False
Is 161513501 composite?
True
Is 6270981 a prime number?
False
Is 13943103 a prime number?
False
Is 52377043 a prime number?
True
Is 14143741 composite?
True
Is 17358193 a prime number?
True
Is 2782183 composite?
False
Is 6910791 composite?
True
Is 285240997 composite?
False
Is 369979 composite?
False
Is 1244987 prime?
True
Is 2209441 composite?
True
Is 11912807 a prime number?
True
Is 33644815 a composite number?
True
Is 9018601 composite?
False
Is 421764191 prime?
True
Is 29650793 prime?
True
Is 7201237 composite?
False
Is 6915235 a composite number?
True
Is 13538459 composite?
True
Is 272515181 a composite number?
False
Is 188350663 a prime number?
True
Is 40976969 a prime number?
False
Is 26269339 composite?
True
Is 2969047 composite?
True
Is 11026237 prime?
True
Is 101090989 a composite number?
False
Is 5711903 a prime number?
True
Is 24020457 a prime number?
False
Is 6518071 a prime number?
False
Is 44800943 composite?
True
Is 550975517 a composite number?
False
Is 481956457 a prime number?
True
Is 7702753 a composite number?
True
Is 477114439 prime?
True
Is 9307819 a composite number?
False
Is 170933 a composite number?
True
Is 7751021 a prime number?
True
Is 7213358 composite?
True
Is 595013 composite?
True
Is 1339436153 a prime number?
False
Is 2438339 prime?
True
Is 84620033 prime?
False
Is 8557753 a prime number?
False
Is 95560121 composite?
False
Is 59993327 a prime number?
True
Is 274937 prime?
False
Is 1006163 a composite number?
False
Is 40953797 composite?
True
Is 3980957 composite?
False
Is 558037 a prime number?
False
Is 132906211 a prime number?
True
Is 157163029 composite?
False
Is 12399851 a composite number?
True
Is 76751191 composite?
True
Is 856481 prime?
False
Is 3352879 composite?
False
Is 2445391 prime?
False
Is 104112343 a composite number?
True
Is 168680581 composite?
False
Is 5707997 a composite number?
False
Is 64094257 a prime number?
True
Is 30639583 a composite number?
True
Is 123726587 a composite number?
True
Is 25570411 composite?
True
Is 1475126 composite?
True
Is 152169949 a prime number?
False
Is 168914497 a composite number?
False
Is 340143 a composite number?
True
Is 8781397 a prime number?
True
Is 6711739 composite?
False
Is 4395173 prime?
True
Is 232259 a prime number?
True
Is 395303 a prime number?
True
Is 9620614 prime?
False
Is 697888649 prime?
False
Is 71103523 prime?
True
Is 8349997 composite?
False
Is 1328891 composite?
False
Is 16119431 prime?
True
Is 15351365 a prime number?
False
Is 1776881 a composite number?
False
Is 12881 composite?
True
Is 741031 a prime number?
True
Is 630689 a composite number?
False
Is 10204067 prime?
True
Is 306991 prime?
True
Is 4177787 prime?
True
Is 711479 composite?
False
Is 84422777 a composite number?
False
Is 10392901 prime?
True
Is 463437059 a prime number?
True
Is 930915145 a composite number?
True
Is 15277565 a prime number?
False
Is 4525981 a composite number?
False
Is 581669 a prime number?
False
Is 1382449 a prime number?
True
Is 4370111 composite?
False
Is 44724457 a composite number?
False
Is 8501113 prime?
False
Is 83653831 composite?
False
Is 1362757 a prime number?
False
Is 696671 a prime number?
False
Is 28745941 a prime number?
False
Is 40375597 a prime number?
True
Is 2624023 composite?
False
Is 4871573 prime?
False
Is 602783 composite?
True
Is 71851313 a prime number?
True
Is 292427 a prime number?
True
Is 177852659 composite?
False
Is 6847046 a composite number?
True
Is 24869899 composite?
True
Is 12069419 prime?
False
Is 37417889 a composite number?
False
Is 1368066905 a composite number?
True
Is 5637535 prime?
False
Is 27443683 a prime number?
True
Is 26693129 a prime number?
True
Is 355383739 prime?
True
Is 2119643 composite?
False
Is 184875259 composite?
False
Is 4544623 prime?
True
Is 103369921 a prime number?
True
Is 104573789 prime?
True
Is 1340935403 prime?
True
Is 354003883 composite?
False
Is 10471078 composite?
True
Is 12216803 a composite number?
False
Is 2784961 prime?
True
Is 18849449 a composite number?
True
Is 6667589 prime?
True
Is 194657509 composite?
False
Is 4230283 composite?
False
Is 59572909 prime?
False
Is 88442219 composite?
True
Is 99137881 composite?
False
Is 377179405 a composite number?
True
Is 30568183 a prime number?
True
Is 373649 composite?
False
Is 204563107 composite?
True
Is 2564731677 composite?
True
Is 21872663 composite?
False
Is 16201103 a prime number?
True
Is 160073 composite?
False
Is 712484537 a prime number?
True
Is 1069031 prime?
True
Is 32281957 prime?
True
Is 890653 a composite number?
False
Is 4786141 prime?
True
Is 12791413 a prime number?
True
Is 1294721 a prime number?
True
Is 537569 prime?
True
Is 18666623 a composite number?
False
Is 42762373 a prime number?
False
Is 1438649 a prime number?
False
Is 258767 composite?
True
Is 1020829 composite?
True
Is 2735671 prime?
True
Is 98237179 a composite number?
True
Is 82214051 prime?
True
Is 12313445 composite?
True
Is 71531 composite?
True
Is 61553839 a composite number?
True
Is 37759963 a composite number?
False
Is 6569195 a composite number?
True
Is 444580841 composite?
False
Is 43362443 a prime number?
True
Is 61719829 composite?
False
Is 174734701 a prime number?
False
Is 32172181 composite?
True
Is 2372978 a prime number?
False
Is 245889433 a composite number?
True
Is 28369157 a prime number?
True
Is 64790093 composite?
True
Is 7693417 prime?
True
Is 1027591 composite?
False
Is 5267929 composite?
True
Is 107400387 prime?
False
Is 4980097 composite?
False
Is 5212573 composite?
False
Is 2595139 prime?
True
Is 38929717 a composite number?
False
Is 2844781 a prime number?
False
Is 24522259 composite?
True
Is 11948285 a composite number?
True
Is 70013653 prime?
True
Is 286744261 a composite number?
False
Is 14461559 a composite number?
True
Is 76761787 a prime number?
False
Is 1895071 prime?
True
Is 47040139 composite?
True
Is 828486751 a prime number?
True
Is 84302219 a composite number?
True
Is 3707705 a composite number?
True
Is 178682741 a prime number?
True
Is 520031327 composite?
False
Is 197257406 composite?
True
Is 1291447 a composite number?
False
Is 297371 prime?
True
Is 85731907 composite?
True
Is 2745649 a prime number?
False
Is 1067557 prime?
True
Is 2849831 composite?
False
Is 1374718 composite?
True
Is 100998299 a composite number?
False
Is 2460137 a composite number?
False
Is 1541221 a prime number?
False
Is 45542897 a prime number?
True
Is 183609821 composite?
False
Is 5210941 composite?
False
Is 7342891 prime?
False
Is 36630749 a prime number?
False
Is 9920903 a prime number?
True
Is 31583423 a prime number?
True
Is 762479 a prime number?
True
Is 168589919 prime?
True
Is 59524859 a composite number?
False
Is 10318757 a composite number?
True
Is 3628889 prime?
False
Is 3208163 composite?
True
Is 11146609 a prime number?
False
Is 1157711 composite?
False
Is 4409147 a composite number?
True
Is 83141743 prime?
True
Is 306991 prime?
True
Is 6056311 prime?
True
Is 147692461 a composite number?
True
Is 245184011 composite?
False
Is 91115537 a prime number?
True
Is 28392919 a composite number?
False
Is 45287702 composite?
True
Is 22611247 composite?
False
Is 1480069 prime?
False
Is 401881 composite?
True
Is 20131157 a prime number?
False
Is 66047291 a prime number?
True
Is 25190863 a prime number?
True
Is 123697009 a prime number?
True
Is 89307121 a composite number?
False
Is 38562061 a composite number?
False
Is 3540041 prime?
True
Is 2007723 a prime number?
False
Is 40392977 a composite number?
False
Is 84173981 prime?
False
Is 4154333 a composite number?
False
Is 47941403 a prime number?
True
Is 223295437 prime?
False
Is 12764641 a prime number?
False
Is 1965862 a prime number?
False
Is 368611 prime?
False
Is 9139439 prime?
True
Is 262202 prime?
False
Is 1217585 prime?
False
Is 56235463 prime?
True
Is 7051505 a composite number?
True
Is 18111473 a prime number?
True
Is 317141599 prime